base 2.
1100100101110
135 (base 8) to base 5
333
What is 123 (base 15) in base 13?
16b
Convert -728 (base 11) to base 16.
-36d
-25432 (base 6) to base 13
-1991
Convert -2023233 (base 4) to base 10.
-8943
What is -10111100010011 (base 2) in base 8?
-27423
What is -1110110010101011 (base 2) in base 5?
-3414322
Convert -3742 (base 8) to base 10.
-2018
Convert -10339 (base 10) to base 8.
-24143
What is 47 (base 10) in base 14?
35
Convert -301202 (base 4) to base 11.
-2422
-373 (base 10) to base 3
-111211
-302002 (base 5) to base 12
-56a3
Convert -1001100 (base 2) to base 10.
-76
Convert 282 (base 12) to base 7.
1061
1141 (base 7) to base 11
353
Convert 15861 (base 9) to base 10.
10909
Convert -2200324 (base 5) to base 16.
-92d5
5a8 (base 11) to base 14
399
What is -210121 (base 3) in base 13?
-35b
What is 5299 (base 10) in base 15?
1884
Convert -148 (base 14) to base 5.
-2020
Convert 106144 (base 8) to base 7.
206532
What is 5798 (base 11) in base 3?
101102211
11343 (base 10) to base 9
16503
What is -2252 (base 8) in base 2?
-10010101010
Convert -41151 (base 7) to base 5.
-310112
-717d (base 15) to base 2
-101110110100000
Convert 111001111110010 (base 2) to base 5.
1422212
Convert 2210 (base 4) to base 12.
118
What is 4102 (base 8) in base 9?
2808
What is -ab3c (base 14) in base 13?
-1065a
10248 (base 9) to base 7
25505
What is -1030023 (base 5) in base 16?
-4469
Convert -69e (base 16) to base 12.
-b92
-2222201020 (base 3) to base 13
-20a21
What is 4ac (base 13) in base 8?
1462
What is -1a53 (base 11) in base 13?
-124c
What is 33 (base 16) in base 8?
63
Convert -16407 (base 10) to base 16.
-4017
What is -37225 (base 8) in base 3?
-210222101
172 (base 13) to base 9
321
Convert -606 (base 14) to base 4.
-102132
Convert -7556 (base 10) to base 8.
-16604
What is -110110110 (base 2) in base 8?
-666
-5433 (base 6) to base 2
-10011011101
Convert -1129 (base 15) to base 13.
-186c
What is -10011011110110 (base 2) in base 11?
-7548
11000011 (base 2) to base 9
236
-3857 (base 9) to base 12
-1807
a112 (base 11) to base 2
11010010000100
What is 246 (base 16) in base 9?
716
What is -325 (base 16) in base 9?
-1084
-1929 (base 10) to base 2
-11110001001
-110011110 (base 2) to base 12
-2a6
What is -114 (base 9) in base 5?
-334
What is 50343 (base 8) in base 14?
7791
2fed (base 16) to base 12
7125
10023211 (base 4) to base 8
41345
What is 438 (base 10) in base 9?
536
What is 121110001 (base 3) in base 9?
17401
What is -1c12 (base 15) in base 5?
-143332
-22120 (base 4) to base 7
-1636
What is -11101 (base 7) in base 13?
-136c
21404 (base 5) to base 2
10111000111
220120 (base 4) to base 12
15b4
Convert 38a3 (base 16) to base 9.
21800
Convert 2ae (base 15) to base 5.
4424
What is 1100001110101001 (base 2) in base 10?
50089
What is -1349 (base 14) in base 7?
-12622
What is 272 (base 12) in base 9?
455
Convert -7023 (base 8) to base 3.
-11221110
Convert 985 (base 11) to base 13.
6cc
What is -334 (base 16) in base 15?
-39a
-1022001 (base 5) to base 16
-42e6
Convert 3121 (base 12) to base 15.
18bd
What is -32165 (base 7) in base 15?
-2575
Convert 1d8 (base 15) to base 10.
428
What is 176 (base 11) in base 16?
cc
-2110032 (base 4) to base 15
-2c26
Convert cc7 (base 16) to base 12.
1a87
Convert 1295 (base 12) to base 9.
2825
What is 324c (base 15) in base 12?
61b3
Convert -1703 (base 16) to base 6.
-43135
What is -2100 (base 6) in base 4?
-13110
-54 (base 11) to base 5
-214
Convert -272 (base 9) to base 4.
-3203
What is -24111 (base 5) in base 8?
-3365
What is -2867 (base 11) in base 10?
-3703
-121211 (base 3) to base 4
-13012
-3361 (base 11) to base 14
-187d
Convert c86 (base 15) to base 8.
5412
130c (base 15) to base 11
3063
What is 11010100 (base 2) in base 10?
212
Convert -1047 (base 8) to base 5.
-4201
What is -c9d7 (base 14) in base 5?
-2104011
What is -130631 (base 8) in base 7?
-246360
Convert 2202221 (base 3) to base 11.
157a
-121211 (base 4) to base 12
-b45
Convert 2ef (base 16) to base 10.
751
10040 (base 9) to base 16
19c5
22430 (base 7) to base 4
1121021
Convert 670 (base 14) to base 4.
103322
Convert 13b7 (base 16) to base 9.
6827
Convert -c4b (base 13) to base 8.
-4053
What is -15a7 (base 11) in base 8?
-4005
111310 (base 4) to base 16
574
-2433 (base 5) to base 6
-1412
What is 7321 (base 11) in base 16?
25e7
What is -12200 (base 4) in base 13?
-260
1001000111110 (base 2) to base 3
20101222
-20b0 (base 13) to base 4
-1012321
Convert -1751 (base 10) to base 16.
-6d7
What is -3231 (base 6) in base 3?
-1000101
What is 10011110101 (base 2) in base 10?
1269
13113 (base 4) to base 7
1242
What is -a09 (base 12) in base 9?
-1880
5124 (base 6) to base 2
10001101100
20334 (base 5) to base 14
6c0
What is -928 (base 15) in base 3?
-2211102
Convert 10010120 (base 3) to base 4.
203223
What is 22120 (base 6) in base 9?
4183
-4626 (base 11) to base 2
-1011110111110
What is 1133100 (base 5) in base 16?
5221
-1770 (base 9) to base 16
-54f
Convert -102134 (base 7) to base 2.
-100010010011111
Convert a30 (base 14) to base 16.
7d2
-1100100011000 (base 2) to base 13
-2c02
2162 (base 8) to base 5
14023
-7ba5 (base 12) to base 7
-55151
12010011 (base 3) to base 4
322102
c6c0 (base 13) to base 5
1340114
Convert 2089 (base 13) to base 8.
10633
What is 239 (base 14) in base 11?
373
Convert -47 (base 11) to base 3.
-1220
Convert -1359 (base 11) to base 16.
-6de
-12410 (base 5) to base 9
-1308
Convert -1a7 (base 14) to base 9.
-421
Convert -1100110011 (base 2) to base 13.
-4b0
What is db8 (base 15) in base 12?
1962
-3358 (base 10) to base 12
-1b3a
Convert 6e9e (base 16) to base 9.
42754
e7 (base 16) to base 14
127
What is 3db6 (base 15) in base 13?
6030
-32455 (base 6) to base 7
-16055
1021 (base 7) to base 4
11212
What is -3b9 (base 13) in base 11?
-54a
Convert 63d (base 16) to base 12.
b11
What is 1101010110001 (base 2) in base 11?
5152
What is -1043 (base 8) in base 10?
-547
What is 11276 (base 12) in base 4?
11210322
What is -3807 (base 14) in base 4?
-2121033
Convert -198c (base 13) to base 2.
-111011111010
What is 204341 (base 6) in base 15?
4d84
1173 (base 13) to base 8
4634
-1b26 (base 12) to base 8
-6416
7944 (base 13) to base 6
210300
6053 (base 8) to base 11
2382
102d (base 14) to base 9
3734
Convert -31523 (base 7) to base 3.
-101201012
-206 (base 10) to base 11
-178
What is -1082 (base 10) in base 5?
-13312
-1430 (base 6) to base 13
-231
765 (base 8) to base 13
2c7
Convert 1505 (base 11) to base 13.
b64
Convert -28bb (base 12) to base 16.
-128f
Convert 1093 (base 10) to base 5.
13333
What is -4349 (base 13) in base 4?
-2102030
-235 (base 6) to base 10
-95
Convert -12a (base 13) to base 10.
-205
Convert -1420 (base 8) to base 7.
-2200
What is 202012 (base 3) in base 4?
20201
What is 4748 (base 11) in base 15?
1c9d
Convert -11065 (base 9) to base 4.
-1302311
Convert -1112 (base 4) to base 5.
-321
Convert -201221120 (base 3) to base 2.
-11100011001101
Convert -200112 (base 4) to base 3.
-2211200
12050 (base 11) to base 10
17358
1893 (base 10) to base 11
1471
Convert 26444 (base 7) to base 4.
1232300
What is 6026 (base 7) in base 6?
13342
What is 22562 (base 8) in base 13?
4495
Convert 1102020121 (base 3) to base 10.
27880
Convert 550 (base 10) to base 8.
1046
Convert -16a (base 11) to base 14.
-101
Convert -325236 (base 7) to base 9.
-86243
What is -b52 (base 13) in base 3?
-2122100
397c (base 14) to base 13
47a5
What is 1100340 (base 5) in base 16?
499d
Convert -1c9 (base 16) to base 6.
-2041
4737 (base 12) to base 5
223323
Convert -25 (base 16) to base 13.
-2b
Convert -e3b (base 15) to base 9.
-4352
Convert 31044 (base 5) to base 16.
7e8
What is -10101 (base 3) in base 15?
-61
Convert -386 (base 15) to base 4.
-30201
-278 (base 14) to base 3
-200110
What is 110110101 (base 2) in base 7?
1163
1795 (base 10) to base 13
a81
Convert 101010001101 (base 2) to base 5.
41301
2392 (base 10) to base 16
958
What is 33a3 (base 11) in base 13?
205a
3092 (base 11) to base 5
112334
What is 14046 (base 7) in base 6?
25343
Convert -10020 (base 4) to base 7.
-525
Convert 120110 (base 5) to base 10.
4405
What is -1332 (base 12) in base 8?
-4226
Convert -291 (base 14) to base 7.
-1341
Convert 2135 (base 6) to base 10.
491
Convert 89b (base 14) to base 9.
2304
562 (base 8) to base 6
1414
115